*2 - 22*w + 69. Let j(d) = 5*d**2 - 43*d + 110. Let v(u) = 3*j(u) - 5*l(u). Calculate v(-5).
-45
Let u(x) = -x**3 + 12*x**2 + 12*x + 10. Suppose -h = -5*n - 37, -7*n = -8*n + 2. Suppose i = 4*g - h, 3*g - 2*i + 4 = 33. Calculate u(g).
-3
Let w(q) = q + 7 + 7*q - 9*q. Suppose 0 = 5*c + 2*f - 26, 34*f - 14 = -4*c + 29*f. Calculate w(c).
1
Let a(q) = 287*q - 1813. Let f(v) = -19*v + 119. Let x(d) = -6*a(d) - 91*f(d). Calculate x(-23).
-112
Let q(z) = 5*z**2 + 8*z. Let p(w) = 9*w**2 + 15*w. Let y(x) = -6*p(x) + 11*q(x). Suppose 30*v = 31*v - 195. Suppose -v*f = -194*f - 3. Determine y(f).
3
Let a(v) = 18*v - 58. Suppose -j + 5*k + 3 = 0, 4*k = 55*j - 59*j + 60. Calculate a(j).
176
Suppose 4*s + 2*c - 16 = 0, 5*c - 5 = -5*s + 10. Let p(v) = -s + 12 - 3 + 2 + 6*v - 3 - v**2. Calculate p(3).
12
Let t(i) = -i**2 - 14*i + 96. Suppose 4*q + 288*g + 70 = 291*g, -g + 150 = -8*q. Give t(q).
1
Let j(x) = 2*x - 2527 + 1305 + 1273. Let u be j(-26). Let z(n) = -8*n**2 + n + 1. Determine z(u).
-8
Let z(t) = -2*t + 26. Let g be z(13). Let x(c) = c**3 - c**2 + 2*c - 6. Let k be x(g). Let s(v) = v + 5. Determine s(k).
-1
Let z be (1*(-9)/6)/(36/(-96)). Let l(r) = 57*r - r**2 - 114*r + z + 46*r. Determine l(-12).
-8
Let l(w) = w**2 + 7*w - 7. Suppose 0 = x - b - 9, 2*x + 0*b = 3*b + 22. Suppose 0 = h - x - 1. Suppose -h*t = 13 + 23. Determine l(t).
-13
Let b be (-9)/6 - 8/(-16). Let h(f) = f**2 - f - 1. Let a(n) = 13 + 17 + 12*n**2 + 3*n - 38 + 10. Let w(d) = b*a(d) - 3*h(d). Calculate w(-1).
-14
Suppose -7*a + 1 = -8*a. Let r(h) = 14*h + 28. Let t(x) = x + 2. Let g(u) = a*r(u) + 12*t(u). What is g(-3)?
2
Let f(y) = -8*y**2 - 147*y - 22. Let v(x) = -17*x**2 - 308*x - 41. Let c(t) = 13*f(t) - 6*v(t). What is c(-31)?
-9
Let m = 35689 - 35688. Let u(w) = 16*w**3 - 3 + 2*w**2 + 2*w**3 + 2. Calculate u(m).
19
Let i(j) = j**3 - 5*j**2 - 104*j - 5. Let y(h) = -6*h**2 - 182*h - 68. Let t be y(-30). Determine i(t).
-5
Let x(m) = -m - 8. Let c(l) = 2*l**2 + 35*l + 9. Let i(y) = -y**2 - 15*y - 31. Let n be i(-14). Let t be c(n). Determine x(t).
0
Let j(t) = -t**2 - 3*t. Let x be j(-3). Let p(n) = 163*n - 2. Let d(o) = -977*o + 5. Let g(m) = -d(m) - 6*p(m). Calculate g(x).
7
Suppose j = -34 - 8. Let f be 2/7 - 5826/j. Let h(p) = p - 139 + f - 4*p. Calculate h(3).
-9
Let b = 3090 - 3091. Let p(t) = 34*t**2 - 3*t - 4. Determine p(b).
33
Let q(f) be the second derivative of -f**6/120 - f**5/30 + f**4/6 - f**2 - 18*f + 1. Let b(m) be the first derivative of q(m). Determine b(-3).
-3
Let n(b) be the first derivative of 889*b**2 - 441*b**2 + 29 - 144 - 447*b**2. Let c(i) = -i**2 + 2*i - 3. Let m be c(2). Give n(m).
-6
Let a(n) = -25*n + 93. Let x be a(3). Suppose 2*g + x = 2*u, -6*u - 3*g = -2*u - 22. Let c(t) = -t**3 + 7*t**2 + t - 2. What is c(u)?
5
Let q(l) = -2*l**2 + 9*l + 15. Let o(f) = f**3 + 23*f**2 - 178*f + 32. Let t be o(6). What is q(t)?
-41
Let n be (-32)/(3 + -5)*(-1)/(-2). Suppose 2*y = 2*c + n, -4*c - 2 = -5*y + 15. Let r(j) = 35*j**2 - 1. What is r(y)?
34
Let j(q) = 4*q + 6. Let b = 58 - 64. Let u(x) = x**2 + 9*x + 18. Let i be u(b). Let n be j(i). Let r(o) = -o**3 + 5*o**2 + 9*o - 5. What is r(n)?
13
Let c(g) = -100978*g**2 + 3 + 50491*g**2 + 50486*g**2 - 6*g. Suppose -2*x = -3*x - 7. Give c(x).
-4
Suppose -6*g = -5*g - 36. Suppose -33*s = -g*s + 27. Let l(b) be the second derivative of -b**5/20 + 5*b**4/6 - b**3 - 11*b**2/2 + 2*b + 25. Determine l(s).
16
Let y(k) be the second derivative of 7*k**3/6 - 15*k**2/2 - 2*k + 4743. Give y(9).
48
Let q = -32 + 31. Let m(s) be the first derivative of s - 5/2*s**2 + 14. What is m(q)?
6
Let w(g) = -4*g + 4. Suppose 5722*u = 5721*u - 2*l - 2, 5*u + 4*l = 14. Calculate w(u).
-20
Let r(m) = -37*m**2 + 21*m - 11. Let c(y) = 53*y**2 - 32*y + 20. Let z(w) = -7*c(w) - 10*r(w). Calculate z(7).
19
Let q(u) = -u**3 + 2930*u - 20*u**2 - 1402*u - 1526*u + 35. Calculate q(-20).
-5
Let c(v) be the third derivative of -v**5/60 + v**4/2 - 2*v**3 + 2*v**2. Let l be (-72)/(-10) - (-396)/220. Determine c(l).
15
Let w(x) = -x**3 + 3*x**2 - 4*x + 3. Let h(b) = -b**3 + 4*b**2 - 8*b + 12. Let c be h(2). Determine w(c).
-29
Let x = -22458 + 22461. Let c(r) = r**3 - 4*r**2 + 7*r + 6. What is c(x)?
18
Let p(o) = 15*o - 2. Suppose -343*d + 166*d + 173*d = -4. Give p(d).
13
Let y(d) = 3*d + 3. Let f(r) = 13*r + 9. Let z(v) = -2*v**2 - 2*v + 3. Let j be z(-2). Let x be f(j). Determine y(x).
-9
Let t(i) = -i**2 + 10*i - 22. Let b(o) = o**3 + 73*o**2 + 69*o - 208. Let p be b(-72). What is t(p)?
-6
Let u be (32/(-28))/(20/(-70)). Let d(x) = 4*x + 3*x + u*x - 16*x - 2. Suppose -8 = -4*o - 0. Give d(o).
-12
Let i(c) = c + 21. Let p = 126 + -143. What is i(p)?
4
Let q(c) be the third derivative of c**5/4 - c**4/24 + 21*c**3 + 7*c**2 + 2. Let o(x) be the first derivative of q(x). Calculate o(1).
29
Let y be 1 + 120/3*11/(-44). Let w(x) = -x**3 - 12*x**2 - 29*x - 15. Calculate w(y).
3
Let r(f) be the third derivative of -f**4/8 + 10*f**3/3 - 4*f**2 + 11*f. Determine r(8).
-4
Let s(w) = w**3 - 8*w**2 + 7*w - 7. Let z(x) = 3*x**2 - 9*x - 2. Let k be z(3). Let o = -8 - -11. Let h be (-1)/k*(-28)/(-6)*o. Determine s(h).
-7
Let t = -9768 - -9767. Let p(s) = -64*s**3 - s**2 + 5*s + 5. Determine p(t).
63
Let q(s) = 5*s**3 + 4*s**2 - 9*s + 40. Let d(m) = 3*m**3 + 2*m**2 - 5*m + 24. Let w(f) = 13*d(f) - 8*q(f). Determine w(-7).
-8
Let j(o) = -6*o - 4. Let l(d) = 2*d + 1. Let u(b) = 6*j(b) + 17*l(b). Suppose -58*g + 53*g = 30. Determine u(g).
5
Let i be 10/(-20) - 3*(-10)/(-12). Let y(n) = 3*n + 16. Let g(q) = -q - 5. Let m(v) = -8*g(v) - 3*y(v). Calculate m(i).
-5
Let h(x) = 5*x**2 + 5*x - 5. Let s be h(-3). Suppose s = 8*y - 7. Let g(d) = 6 + d**3 + 6*d**2 - 17*d + y*d + 7*d. Determine g(-7).
-1
Let f(h) = -2*h - 9. Let g be (-14)/(-49) + 3 - (-2)/(-7). Suppose -3*n + o + 213 = 0, 2*n + g*o - 26 = 127. Let u = -78 + n. What is f(u)?
3
Let f(p) = 3*p**3 - 3*p**2 + 7*p - 10. Suppose 15*c - 43 = 2. Determine f(c).
65
Let t(f) = -f**2 - 9*f - 8. Let x(w) = -w**3 - 16*w**2 + 19*w + 25. Let i(d) = -96*d - 1 - 94*d + 188*d. Let r be i(8). Let s be x(r). Calculate t(s).
-8
Let p(g) be the first derivative of -g**4/4 - 11*g**3/3 + 29*g**2 - 20*g - 2840. Calculate p(-15).
10
Let u(i) be the second derivative of 31*i**3/6 - 15*i**2 - 9228*i. Determine u(4).
94
Suppose -1 = 3*q - 2*w, 21*w = 5*q + 23*w - 25. Let g(u) be the first derivative of -7 + 9*u - 3*u**2 - 1/3*u**q. What is g(-7)?
2
Let s be -1 - (2 - (-2 - -16)). Let g(t) = 2*t**2 - 21*t - 24. What is g(s)?
-13
Suppose b - 3 = -7, -60 = -17*u - 2*b. Let v(r) = -r**3 + r**2 - r + 1. Let x(g) = -3*g**3 - g**2 - g - 2. Let k(z) = -4*v(z) + x(z). What is k(u)?
-10
Let i(a) = a**2 - 17*a + 8. Suppose p + 75 - 91 = 0. Let v be i(p). Let g(t) = t**3 + 8*t**2 + 2*t + 12. Give g(v).
-4
Let k be 3 + ((-196)/48 - (-1)/12). Let u(p) = p - 10. Let h(w) = -1. Let o(z) = k*u(z) + 5*h(z). Calculate o(5).
0
Suppose 4*u + 36 = -4*n + 12, -4*u = 4. Let d(l) be the third derivative of 5/6*l**3 + 38*l + l**2 - 1/24*l**4 + 0. Give d(n).
10
Let l(i) = 32*i**2 - i + 11. Let d(z) = -19*z**2 + z - 5. Let r(o) = -5*d(o) - 3*l(o). Give r(4).
-32
Let p(g) be the first derivative of g**4/4 + g**3/3 - 7*g**2/2 + 6*g + 46. Let b be p(2). Let t(r) = r**3 - 5*r**2 - 4. What is t(b)?
-20
Let m be 578/1734*(-8 - 1). Let k(q) = -q**3 - 6*q**2 - 16*q - 20. Determine k(m).
1
Let g = -10034 + 10049. Let r(s) = -s**3 + 17*s**2 - 31*s + 28. What is r(g)?
13
Suppose 28*c - 95*c = -536. Let v(m) = -4*m**2 + 30*m + 15. Let r(u) = -2*u**2 + 15*u + 7. Let t(y) = 5*r(y) - 2*v(y). Calculate t(c).
-3
Suppose -3*x - 15 = -0*x, -3*r + 16 = x. Suppose 0 = 2*c + 3*m - r, -10 = -5*c - 5*m - 0. Let o = c + -3. Let z(h) = -h**3 - 4*h**2 + h + 5. Determine z(o).
1
Let r(y) = -4*y - 11. Let n be (-2)/8 - (-20258)/(-56). Let j = n - -354. Determine r(j).
21
Let w(z) = 38702 - 10*z - 77373 + 2*z**2 + 38691. Calculate w(3).
8
Let g(j) = 82*j**2 + 76 + 141 - 26*j**2 - j**3 - 186*j + 127*j. What is g(55)?
-3
Let q(r) = r**3 + 19*r**2 + 18*r + 3. Let f be 0 + 1 - (-1 - 19/57*-60). What is q(f)?
3
Suppose 4*i + 8*k + 249 = 9*k, 0 = i - k + 66. Let f = i - -56. Let c(l) = 2*l + 5*l - 2 + 2*l**2 - l**3 - 5*l**2. Determine c(f).
13
Let s(x) = 2 + 15735*x - 15727*x - 2 + 1. Let q(f) = f